{"id":2,"date":"2025-09-13T15:39:07","date_gmt":"2025-09-13T15:39:07","guid":{"rendered":"https:\/\/ladubacken.nl\/?page_id=2"},"modified":"2025-12-28T12:43:45","modified_gmt":"2025-12-28T11:43:45","slug":"sample-page","status":"publish","type":"page","link":"https:\/\/ladubacken.nl\/","title":{"rendered":"Welkom"},"content":{"rendered":"\n<h2 class=\"wp-block-heading\">Welkom op de website over de Ladub\u00e4cken in Zweden<\/h2>\n\n\n\n<p>Op deze website geven we informatie over het perceel in Noord-Zweden.<\/p>\n\n\n\n<p>Het perceel ligt in een bosrijk gebied tussen Ume\u00e5 en Skellefte\u00e5, in de provincie V\u00e4sterbotten. Een plek voor de echte outdoorliefhebber. Forel vissen, een kampvuur maken, door de bossen struinen of gewoon genieten van de rust aan de rand van het meer. In het seizoen kun je er bosbessen en frambozen plukken.<\/p>\n\n\n\n<p>Er heerst een Scandinavisch landklimaat, met milde zomers en koude winters. Van mei tot en met september zijn de blokhutten op het perceel geschikt voor overnachting.<\/p>\n\n\n\n<div class=\"wp-block-buttons is-layout-flex wp-block-buttons-is-layout-flex\">\n<div class=\"wp-block-button\"><a class=\"wp-block-button__link wp-element-button\" href=\"https:\/\/calendar.google.com\/calendar\/u\/0\/embed?src=droneboticsbvdz@gmail.com&amp;ctz=Europe\/Amsterdam\" target=\"_blank\" rel=\"noreferrer noopener\">Bekijk beschikbaarheid<\/a><\/div>\n<\/div>\n\n\n\n<p><\/p>\n\n\n\n<p>Klik op het menu om meer te lezen.<\/p>\n","protected":false},"excerpt":{"rendered":"<p>Welkom op de website over de Ladub\u00e4cken in Zweden Op deze website geven we informatie over het perceel in Noord-Zweden. Het perceel ligt in een bosrijk gebied tussen Ume\u00e5 en Skellefte\u00e5, in de provincie V\u00e4sterbotten. Een plek voor de echte outdoorliefhebber. Forel vissen, een kampvuur maken, door de bossen struinen [&hellip;]<\/p>\n","protected":false},"author":1,"featured_media":0,"parent":0,"menu_order":0,"comment_status":"closed","ping_status":"open","template":"","meta":{"inspiro_page_layout":"narrow","inspiro_hide_title":false,"footnotes":""},"class_list":["post-2","page","type-page","status-publish","hentry"],"_links":{"self":[{"href":"https:\/\/ladubacken.nl\/index.php?rest_route=\/wp\/v2\/pages\/2","targetHints":{"allow":["GET"]}}],"collection":[{"href":"https:\/\/ladubacken.nl\/index.php?rest_route=\/wp\/v2\/pages"}],"about":[{"href":"https:\/\/ladubacken.nl\/index.php?rest_route=\/wp\/v2\/types\/page"}],"author":[{"embeddable":true,"href":"https:\/\/ladubacken.nl\/index.php?rest_route=\/wp\/v2\/users\/1"}],"replies":[{"embeddable":true,"href":"https:\/\/ladubacken.nl\/index.php?rest_route=%2Fwp%2Fv2%2Fcomments&post=2"}],"version-history":[{"count":9,"href":"https:\/\/ladubacken.nl\/index.php?rest_route=\/wp\/v2\/pages\/2\/revisions"}],"predecessor-version":[{"id":101,"href":"https:\/\/ladubacken.nl\/index.php?rest_route=\/wp\/v2\/pages\/2\/revisions\/101"}],"wp:attachment":[{"href":"https:\/\/ladubacken.nl\/index.php?rest_route=%2Fwp%2Fv2%2Fmedia&parent=2"}],"curies":[{"name":"wp","href":"https:\/\/api.w.org\/{rel}","templated":true}]}}